 a factor of 9811510?
False
Is 161 a factor of 18491816?
True
Does 3658 divide 176622872?
True
Is 909 a factor of 86399541?
True
Is 3582 a factor of 3624031188?
True
Does 59 divide 12930145?
True
Is 17448894 a multiple of 522?
True
Is 5 a factor of 305965?
True
Does 9 divide 2357586?
True
Is 58 a factor of 79156304?
False
Is 231 a factor of 114058351?
False
Is 17666000 a multiple of 146?
True
Does 15 divide 60507364?
False
Is 538 a factor of 3746164913?
False
Is 33821711 a multiple of 1441?
True
Does 123 divide 144681825?
True
Is 166 a factor of 555860986?
False
Is 143467280 a multiple of 1936?
True
Is 32825925 a multiple of 70?
False
Is 126 a factor of 506927162?
False
Is 10338 a factor of 3319370279?
False
Is 7 a factor of 1321295031?
True
Is 129 a factor of 48916307?
False
Does 11 divide 866791211?
True
Is 35 a factor of 759255210?
True
Is 764 a factor of 46644492?
True
Is 2245721814 a multiple of 54?
True
Is 50103696 a multiple of 55?
False
Does 782 divide 120217642?
True
Is 20 a factor of 7069380?
True
Is 1099 a factor of 383137369?
False
Is 983772653 a multiple of 3519?
False
Does 19 divide 8945998?
True
Does 97 divide 475788686?
True
Is 552207960 a multiple of 248?
True
Is 11197 a factor of 2615552018?
True
Is 3486 a factor of 457582818?
True
Is 240 a factor of 320875200?
True
Is 2105091780 a multiple of 781?
True
Is 164 a factor of 3694574452?
True
Is 35610125 a multiple of 25?
True
Does 84 divide 996328116?
True
Does 29 divide 91226808?
True
Is 6579736 a multiple of 20?
False
Is 16 a factor of 2944332?
False
Does 10 divide 27197906?
False
Is 241 a factor of 367303454?
False
Does 10 divide 570638347?
False
Is 3178 a factor of 1253002772?
True
Is 110705535 a multiple of 565?
True
Is 11 a factor of 45559690?
True
Is 271 a factor of 192747666?
True
Is 9 a factor of 29945066?
False
Is 5 a factor of 22556095?
True
Is 118936267 a multiple of 3821?
True
Does 12 divide 4313569?
False
Is 1749 a factor of 20443436?
False
Does 11 divide 1286410391?
False
Is 2 a factor of 33981570?
True
Does 40 divide 45905840?
True
Does 4676 divide 179829608?
True
Is 227 a factor of 163387563?
True
Is 2637329 a multiple of 21?
False
Is 13 a factor of 7291634?
False
Is 5343978871 a multiple of 11?
True
Does 840 divide 5986680?
True
Does 188 divide 130672897?
False
Does 16 divide 13830292?
False
Is 593 a factor of 92486309?
False
Does 11 divide 306333786?
True
Does 127 divide 4487785?
False
Is 3686 a factor of 1727178508?
True
Is 74 a factor of 2863883694?
True
Is 1164 a factor of 374189210?
False
Is 157685008 a multiple of 16?
True
Is 198 a factor of 66073788?
True
Is 28665200 a multiple of 200?
True
Is 2846289069 a multiple of 9?
True
Is 9138531948 a multiple of 78?
True
Is 41167854 a multiple of 861?
True
Is 196645725 a multiple of 361?
True
Is 27494696 a multiple of 1486?
False
Is 382 a factor of 52459296?
True
Is 49732668 a multiple of 80?
False
Is 220 a factor of 586960?
True
Is 19 a factor of 146847162?
True
Does 2 divide 20614127?
False
Is 14 a factor of 10121888?
True
Is 133 a factor of 3282478?
False
Is 25 a factor of 4130736?
False
Does 12 divide 3066651286?
False
Is 14 a factor of 77087484?
False
Is 66 a factor of 53710800?
True
Does 2394 divide 334913839?
False
Does 31 divide 31902?
False
Is 10145107 a multiple of 133?
True
Is 9 a factor of 258185313?
True
Does 22 divide 2859912?
True
Does 47 divide 2024359795?
True
Does 11 divide 22142822?
False
Is 132458873 a multiple of 24?
False
Is 111149808 a multiple of 102?
True
Does 1408 divide 209569516?
False
Is 18 a factor of 8610868?
False
Is 154130535 a multiple of 65?
True
Is 17 a factor of 1101733569?
True
Is 28207894 a multiple of 1102?
True
Is 6 a factor of 92702633?
False
Is 34553100 a multiple of 100?
True
Is 334756786 a multiple of 13?
True
Does 242 divide 186301988?
False
Is 459 a factor of 105815113?
False
Is 26 a factor of 229913788?
True
Is 981 a factor of 26759423?
False
Does 8 divide 5331472?
True
Is 141 a factor of 14934782?
False
Is 86680650 a multiple of 14?
True
Is 541054080 a multiple of 3888?
True
Is 12427458 a multiple of 3?
True
Is 23402528 a multiple of 122?
True
Is 3819903303 a multiple of 131?
False
Is 168475853 a multiple of 11?
False
Is 632 a factor of 42485179?
False
Does 13 divide 16390660?
True
Does 3391 divide 193078300?
False
Is 1561 a factor of 61864132?
False
Does 332 divide 1248078636?
True
Is 72879343 a multiple of 842?
False
Is 491 a factor of 70426094?
True
Is 571075020 a multiple of 30?
True
Is 65 a factor of 2224980290?
True
Is 79 a factor of 77424424?
True
Does 25 divide 32485775?
True
Is 33 a factor of 273377032?
False
Does 91 divide 1119813631?
False
Is 91 a factor of 12224680?
False
Is 7130892 a multiple of 4?
True
Does 32 divide 50419200?
True
Does 33 divide 151928575?
False
Is 23 a factor of 129252456?
True
Does 1033 divide 320383236?
False
Is 7 a factor of 175357910?
True
Is 3847 a factor of 976993931?
False
Is 4170 a factor of 3284207682?
False
Does 256 divide 1035090389?
False
Does 59 divide 27836318?
True
Is 1060 a factor of 83405911?
False
Does 346 divide 72770374?
True
Is 111 a factor of 4603947?
True
Is 74043993 a multiple of 2536?
False
Is 508860 a multiple of 15?
True
Is 3601867 a multiple of 1819?
False
Is 882 a factor of 408032604?
True
Is 63747547 a multiple of 1946?
False
Is 779 a factor of 1728535564?
True
Is 408 a factor of 111362716?
False
Does 30 divide 493627830?
True
Is 106 a factor of 866607028?
True
Is 1540902977 a multiple of 9?
False
Is 83 a factor of 483565997?
False
Does 7 divide 407509165?
True
Is 541 a factor of 273834724?
True
Is 13 a factor of 42202927?
True
Is 2164695090 a multiple of 30?
True
Does 711 divide 1823356275?
False
Is 5 a factor of 111751855?
True
Is 16 a factor of 225813247?
False
Does 1500 divide 96463500?
True
Does 42 divide 35988330?
True
Is 73774525 a multiple of 25?
True
Is 260053668 a multiple of 2604?
True
Does 36 divide 520109244?
True
Is 80 a factor of 600637102?
False
Is 11 a factor of 67843996?
True
Does 3 divide 9524250?
True
Is 339142602 a multiple of 52?
False
Is 72249136 a multiple of 9?
False
Is 26510327 a multiple of 5?
False
Does 3 divide 8802857?
False
Does 24 divide 93847407?
False
Does 220 divide 115901500?
True
Is 2036320 a multiple of 104?
True
Does 216 divide 5052268?
False
Does 22 divide 21904050?
False
Is 6900 a factor of 1760688259?
False
Is 5 a factor of 276006340?
True
Is 32031180 a multiple of 12?
True
Does 30 divide 530832960?
True
Does 2 divide 29198344?
True
Does 70 divide 1448874783?
False
Is 29 a factor of 290751?
False
Is 1458 a factor of 31384908?
True
Is 121 a factor of 80779269?
False
Is 28 a factor of 2144396376?
False
Is 138838428 a multiple of 582?
True
Is 114 a factor of 58006600?
False
Does 692 divide 171408036?
False
Does 4 divide 692800726?
False
Does 2536 divide 79567560?
False
Does 110 divide 466500585?
False
Is 12 a factor of 1906580811?
False
Does 2626 divide 196897968?
False
Is 674 a factor of 90107060?
True
Does 308 divide 463201409?
False
Is 47548458 a multiple of 27?
True
Does 3843 divide 123886791?
True
Does 760 divide 951397140?
False
Is 172335600 a multiple of 144?
True
Is 8076344 a multiple of 1812?
False
Does 218 divide 63759296?
False
Does 5 divide 19121225?
True
Is 367436610 a multiple of 2551?
False
Is 1041 a factor of 3822558448?
False
Does 139 divide 141563697?
False
Does 13 divide 11147784?
False
Is 819 a factor of 104052603?
False
Is 3144 a factor of 136455888?
True
Is 2437635505 a multiple of 643?
True
Is 13 a factor of 135864001?
True
Does 112 divide 602473843?
False
Is 490 a factor of 294545834?
False
Does 166 divide 186402635?
False
Is 1486 a factor of 15655581?
False
Is 360362865 a multiple of 705?
True
Is 6 a factor of 1172018781?
False
Is 38096752 a multiple of 54?
False
Is 2625853675 a multiple of 281?
True
Is 15109612 a multiple of 294?
False
Is 1581225816 a multiple of 6?
True
Is 65 a factor of 25112113?
False
Is 245 a factor of 243085080?
True
Is 63545436 a multiple of 18?
True
Is 2 a factor of 54768466?
True
Does 11 divide 980081080?
True
Is 134742646 a multiple of 1186?
True
Is 65907482 a multiple of 7?
False
Is 227067003 a multiple of 4653?
False
Is 2512078066 a multiple of 872?
False
Is 14 a factor of 279284054?
True
Is 1404046 a multi